rime factors of 92282?
2, 46141
What are the prime factors of 466038?
2, 3, 17, 1523
What are the prime factors of 37117258?
2, 1303, 14243
List the prime factors of 119324.
2, 23, 1297
What are the prime factors of 448949?
29, 113, 137
List the prime factors of 5390643.
3, 401, 4481
List the prime factors of 32015404.
2, 241, 33211
What are the prime factors of 3417074?
2, 19, 89923
List the prime factors of 1600677.
3, 13, 13681
What are the prime factors of 2126401?
643, 3307
List the prime factors of 8515684.
2, 233, 9137
What are the prime factors of 139733?
11, 12703
List the prime factors of 518737.
518737
List the prime factors of 5449422.
2, 3, 11, 82567
List the prime factors of 162716.
2, 19, 2141
List the prime factors of 68734.
2, 34367
What are the prime factors of 1449858?
2, 3, 241643
What are the prime factors of 313195?
5, 62639
List the prime factors of 7340230.
2, 5, 41, 17903
What are the prime factors of 6124492?
2, 11, 109, 1277
List the prime factors of 20710408.
2, 29, 89269
What are the prime factors of 7387323?
3, 163, 15107
List the prime factors of 204155.
5, 7, 19, 307
What are the prime factors of 1642629?
3, 53, 10331
List the prime factors of 4123074.
2, 3, 687179
What are the prime factors of 239280?
2, 3, 5, 997
What are the prime factors of 7505931?
3, 19, 37, 3559
What are the prime factors of 834758?
2, 417379
List the prime factors of 698376.
2, 3, 7, 4157
List the prime factors of 1545380.
2, 5, 77269
List the prime factors of 27337357.
27337357
List the prime factors of 271282.
2, 11, 19, 59
What are the prime factors of 14035447?
2591, 5417
What are the prime factors of 12802105?
5, 17, 19, 7927
What are the prime factors of 3244138?
2, 83, 19543
What are the prime factors of 1172636?
2, 71, 4129
What are the prime factors of 12410970?
2, 3, 5, 11, 13, 263
What are the prime factors of 119095?
5, 23819
List the prime factors of 665027.
11, 60457
List the prime factors of 6122224.
2, 239, 1601
What are the prime factors of 1566583?
1566583
What are the prime factors of 320462?
2, 160231
What are the prime factors of 12719092?
2, 23, 138251
What are the prime factors of 6520099?
29, 224831
List the prime factors of 962875.
5, 7703
What are the prime factors of 3049953?
3, 17, 79, 757
List the prime factors of 2551334.
2, 1275667
What are the prime factors of 4143818?
2, 7, 17, 23, 757
What are the prime factors of 1300835?
5, 19, 13693
What are the prime factors of 4468573?
4468573
List the prime factors of 483771.
3, 47, 73
List the prime factors of 1644582.
2, 3, 67, 4091
What are the prime factors of 8145157?
31, 262747
What are the prime factors of 172?
2, 43
List the prime factors of 325145.
5, 65029
What are the prime factors of 20027200?
2, 5, 12517
List the prime factors of 335899.
257, 1307
What are the prime factors of 2010309?
3, 7, 29, 3301
What are the prime factors of 10640393?
43, 247451
List the prime factors of 4625712.
2, 3, 7, 13, 353
What are the prime factors of 4572722?
2, 7, 11, 23, 1291
What are the prime factors of 96241?
157, 613
List the prime factors of 1273335.
3, 5, 7, 67, 181
List the prime factors of 143431.
19, 7549
List the prime factors of 37141.
13, 2857
List the prime factors of 3491259.
3, 1163753
List the prime factors of 303353.
61, 4973
List the prime factors of 352364.
2, 137, 643
What are the prime factors of 7620844?
2, 7, 11, 109, 227
What are the prime factors of 19273906?
2, 9636953
List the prime factors of 215733.
3, 7, 10273
What are the prime factors of 260306?
2, 157, 829
List the prime factors of 4367408.
2, 89, 3067
What are the prime factors of 165822?
2, 3, 29, 953
List the prime factors of 727788.
2, 3, 60649
What are the prime factors of 2663097?
3, 19, 2459
What are the prime factors of 297149?
163, 1823
List the prime factors of 22438571.
22438571
What are the prime factors of 2403950?
2, 5, 48079
What are the prime factors of 1518888?
2, 3, 7, 9041
List the prime factors of 27022361.
43, 628427
List the prime factors of 565882.
2, 41, 67, 103
List the prime factors of 3645235.
5, 11, 191, 347
What are the prime factors of 6327644?
2, 1581911
What are the prime factors of 3197508?
2, 3, 41, 67, 97
What are the prime factors of 427195?
5, 85439
List the prime factors of 12581983.
12581983
List the prime factors of 5698353.
3, 541, 3511
What are the prime factors of 4244099?
4244099
What are the prime factors of 8110719?
3, 300397
List the prime factors of 4496775.
3, 5, 59957
What are the prime factors of 6702726?
2, 3, 17, 65713
What are the prime factors of 245812?
2, 7, 8779
What are the prime factors of 7394746?
2, 37, 99929
What are the prime factors of 1876348?
2, 43, 10909
What are the prime factors of 21605904?
2, 3, 150041
List the prime factors of 11315.
5, 31, 73
What are the prime factors of 25383528?
2, 3, 352549
What are the prime factors of 9398445?
3, 5, 7, 19, 673
What are the prime factors of 10643187?
3, 59, 157, 383
List the prime factors of 81648.
2, 3, 7
What are the prime factors of 9125212?
2, 233, 9791
What are the prime factors of 194482?
2, 97241
List the prime factors of 48174.
2, 3, 7, 31, 37
What are the prime factors of 6963914?
2, 17, 204821
List the prime factors of 1956631.
1956631
What are the prime factors of 53065?
5, 10613
List the prime factors of 668737.
668737
What are the prime factors of 106421?
7, 23, 661
What are the prime factors of 3961677?
3, 47, 28097
What are the prime factors of 2458550?
2, 5, 49171
What are the prime factors of 6755?
5, 7, 193
List the prime factors of 1326670.
2, 5, 132667
What are the prime factors of 1170297?
3, 17, 7649
List the prime factors of 204116.
2, 11, 4639
What are the prime factors of 3720149?
29, 163, 787
What are the prime factors of 58753?
41, 1433
What are the prime factors of 140004?
2, 3, 3889
What are the prime factors of 11804801?
11804801
List the prime factors of 5847243.
3, 1949081
List the prime factors of 621170.
2, 5, 11, 5647
List the prime factors of 6502803.
3, 59, 36739
List the prime factors of 43830.
2, 3, 5, 487
What are the prime factors of 410501?
7, 13, 347
List the prime factors of 69548.
2, 17387
What are the prime factors of 1743196?
2, 7, 13, 4789
What are the prime factors of 21640726?
2, 61, 177383
What are the prime factors of 10782503?
37, 291419
List the prime factors of 684414.
2, 3, 47, 809
What are the prime factors of 6300690?
2, 3, 5, 11, 61, 313
What are the prime factors of 12617591?
7, 1802513
List the prime factors of 1790507.
1790507
What are the prime factors of 17440272?
2, 3, 13457
What are the prime factors of 687384?
2, 3, 9547
What are the prime factors of 923878?
2, 571, 809
What are the prime factors of 7162550?
2, 5, 31, 4621
List the prime factors of 2763788.
2, 47, 61, 241
List the prime factors of 135726.
2, 3, 22621
List the prime factors of 17002932.
2, 3, 29, 48859
What are the prime factors of 5274898?
2, 31, 149, 571
What are the prime factors of 4097423?
11, 33863
List the prime factors of 487584.
2, 3, 1693
List the prime factors of 5156312.
2, 7, 92077
What are the prime factors of 15569801?
13, 181, 509
What are the prime factors of 11639797?
13, 311, 2879
List the prime factors of 4581293.
4581293
What are the prime factors of 2729964?
2, 3, 227497
What are the prime factors of 6554858?
2, 1061, 3089
List the prime factors of 1871434.
2, 935717
List the prime factors of 1372381.
641, 2141
What are the prime factors of 5442310?
2, 5, 79, 83
What are the prime factors of 3766768?
2, 47, 5009
List the prime factors of 996222.
2, 3, 23, 7219
What are the prime factors of 5768982?
2, 3, 149, 239
List the prime factors of 13930767.
3, 157, 9859
What are the prime factors of 14305753?
7, 11, 185789
List the prime factors of 1140703.
19, 60037
List the prime factors of 793757.
793757
What are the prime factors of 3133980?
2, 3, 5, 23, 757
What are the prime factors of 3736906?
2, 17, 131, 839
List the prime factors of 44887673.
44887673
List the prime factors of 2125647.
3, 257, 919
What are the prime factors of 213509?
23, 9283
List the prime factors of 161732.
2, 40433
What are the prime factors of 45533?
45533
List the prime factors of 7463462.
2, 3731731
List the prime factors of 736328.
2, 92041
Wha